millions digit of 551071526?
5
What is the ten thousands digit of 209398227?
9
What is the ten millions digit of 139531462?
3
What is the hundred thousands digit of 35199212?
1
What is the millions digit of 25130065?
5
What is the hundred thousands digit of 1385592511?
5
What is the hundred millions digit of 1167008182?
1
What is the ten thousands digit of 4731576?
3
What is the millions digit of 1868101127?
8
What is the hundred thousands digit of 267604391?
6
What is the ten thousands digit of 83269568?
6
What is the thousands digit of 112506324?
6
What is the thousands digit of 75873682?
3
What is the millions digit of 336455703?
6
What is the units digit of 136583962?
2
What is the hundred thousands digit of 14762729?
7
What is the hundred thousands digit of 1047354611?
3
What is the hundred millions digit of 477299063?
4
What is the hundreds digit of 8141170553?
5
What is the tens digit of 226432528?
2
What is the millions digit of 132838932?
2
What is the hundreds digit of 199793089?
0
What is the hundreds digit of 432391185?
1
What is the ten thousands digit of 2428426940?
2
What is the millions digit of 48530508?
8
What is the tens digit of 57211324?
2
What is the millions digit of 932907899?
2
What is the tens digit of 541758481?
8
What is the ten thousands digit of 111053033?
5
What is the tens digit of 692525206?
0
What is the units digit of 46011277?
7
What is the millions digit of 131126564?
1
What is the hundred millions digit of 276420289?
2
What is the hundreds digit of 19900904?
9
What is the hundreds digit of 267834744?
7
What is the millions digit of 9388369?
9
What is the hundreds digit of 587356918?
9
What is the hundred millions digit of 445925004?
4
What is the ten millions digit of 47986740?
4
What is the billions digit of 4817835929?
4
What is the ten millions digit of 2328792902?
2
What is the units digit of 15750260?
0
What is the tens digit of 83381229?
2
What is the hundreds digit of 17221371?
3
What is the hundred thousands digit of 874197881?
1
What is the tens digit of 134975996?
9
What is the hundreds digit of 301376600?
6
What is the hundred millions digit of 2737741784?
7
What is the hundreds digit of 94356596?
5
What is the thousands digit of 646757174?
7
What is the ten thousands digit of 145442121?
4
What is the hundred thousands digit of 238091551?
0
What is the millions digit of 593608509?
3
What is the hundred millions digit of 699918214?
6
What is the hundred thousands digit of 15154264?
1
What is the ten millions digit of 1212926768?
1
What is the units digit of 7472910?
0
What is the hundreds digit of 74696837?
8
What is the ten thousands digit of 35984525?
8
What is the hundreds digit of 443048822?
8
What is the units digit of 1473339795?
5
What is the tens digit of 145396079?
7
What is the ten thousands digit of 38223676?
2
What is the tens digit of 608330704?
0
What is the millions digit of 310665454?
0
What is the ten millions digit of 16598726?
1
What is the thousands digit of 136913958?
3
What is the tens digit of 316017062?
6
What is the units digit of 361898352?
2
What is the ten millions digit of 68334225?
6
What is the thousands digit of 1536633951?
3
What is the hundred thousands digit of 73635275?
6
What is the tens digit of 124822282?
8
What is the units digit of 68110410?
0
What is the ten thousands digit of 67884997?
8
What is the hundred thousands digit of 6835382831?
3
What is the millions digit of 274702092?
4
What is the hundred thousands digit of 7812863?
8
What is the hundreds digit of 1142992348?
3
What is the hundred millions digit of 2787787583?
7
What is the ten thousands digit of 10118481?
1
What is the hundreds digit of 447048628?
6
What is the ten millions digit of 22522086?
2
What is the ten thousands digit of 1150075143?
7
What is the hundred thousands digit of 2023127409?
1
What is the hundred thousands digit of 258187257?
1
What is the hundred millions digit of 1763801276?
7
What is the ten millions digit of 582701923?
8
What is the ten millions digit of 83654697?
8
What is the hundreds digit of 221663931?
9
What is the hundred thousands digit of 578734624?
7
What is the millions digit of 146214163?
6
What is the hundreds digit of 1761035939?
9
What is the ten thousands digit of 395666358?
6
What is the thousands digit of 25707634?
7
What is the hundred thousands digit of 2692313217?
3
What is the units digit of 6882397?
7
What is the units digit of 195094274?
4
What is the hundred millions digit of 1501203527?
5
What is the billions digit of 1529169210?
1
What is the hundred thousands digit of 84494365?
4
What is the tens digit of 23011280?
8
What is the hundreds digit of 30377414?
4
What is the thousands digit of 54367993?
7
What is the hundred millions digit of 250542317?
2
What is the hundred thousands digit of 2078685732?
6
What is the ten millions digit of 3881884314?
8
What is the hundreds digit of 633938784?
7
What is the millions digit of 858383679?
8
What is the billions digit of 1012319648?
1
What is the hundred thousands digit of 441831135?
8
What is the tens digit of 274740066?
6
What is the billions digit of 4435240814?
4
What is the ten millions digit of 18438699?
1
What is the hundreds digit of 975450567?
5
What is the ten thousands digit of 132277696?
7
What is the millions digit of 2889142974?
9
What is the hundred thousands digit of 2739210058?
2
What is the hundred millions digit of 579168567?
5
What is the tens digit of 38441069?
6
What is the hundreds digit of 6770627?
6
What is the ten thousands digit of 365860325?
6
What is the millions digit of 1220699303?
0
What is the hundred thousands digit of 28520434?
5
What is the ten thousands digit of 327769502?
6
What is the hundred thousands digit of 60326347?
3
What is the hundred thousands digit of 51283719?
2
What is the millions digit of 4011969346?
1
What is the ten thousands digit of 23039582?
3
What is the hundreds digit of 24294874?
8
What is the ten millions digit of 1000452648?
0
What is the hundred millions digit of 200224951?
2
What is the hundred thousands digit of 1927061793?
0
What is the units digit of 95992128?
8
What is the millions digit of 18705792?
8
What is the thousands digit of 115437934?
7
What is the ten thousands digit of 45317644?
1
What is the ten thousands digit of 2470752989?
5
What is the billions digit of 4537018044?
4
What is the hundred millions digit of 1084477436?
0
What is the thousands digit of 1208967491?
7
What is the hundred thousands digit of 66650941?
6
What is the hundred thousands digit of 2597408899?
4
What is the tens digit of 1543620852?
5
What is the millions digit of 117845339?
7
What is the ten millions digit of 253700038?
5
What is the units digit of 500837963?
3
What is the hundred millions digit of 670796525?
6
What is the millions digit of 169730331?
9
What is the units digit of 3301361827?
7
What is the tens digit of 2630906281?
8
What is the units digit of 437099642?
2
What is the hundred millions digit of 229080981?
2
What is the ten thousands digit of 28636121?
3
What is the tens digit of 328136469?
6
What is the ten thousands digit of 605551370?
5
What is the millions digit of 987027976?
7
What is the hundred millions digit of 581804694?
5
What is the thousands digit of 3565501653?
1
What is the units digit of 352850622?
2
What is the ten thousands digit of 15540272?
4
What is the hundreds digit of 37614309?
3
What is the ten thousands digit of 50255940?
5
What is the tens digit of 60274762?
6
What is the hundreds digit of 59651357?
3
What is the units digit of 154480469?
9
What is the tens digit of 85267488?
8
What is the thousands digit of 1543895?
3
What is the hundred millions digit of 1695019755?
6
What is the millions digit of 43741680?
3
What is the tens digit of 798642078?
7
What is the hundred thousands digit of 2007809998?
8
What is the tens digit of 11419517?
1
What is the millions digit of 768560138?
8
What is the units digit of 18498427?
7
What is the ten thousands digit of 81298753?
9
What is the hundreds digit of 34868014?
0
What is the billions digit of 8484325728?
8
What is the tens digit of 383639684?
8
What is the hundred thousands digit of 286879159?
8
What is the tens digit of 33094588?
8
What is the units digit of 